*w**2. What is the hundreds digit of j(29)?
2
Suppose 0 = -0*q + 2*q + r - 100, 0 = -q - r + 50. Let v = 150 - q. What is the tens digit of v?
0
Let v(w) = -2078*w - 50. What is the thousands digit of v(-1)?
2
Let c = 1481 - -1270. What is the hundreds digit of c?
7
Let m = -8 - -8. Suppose -a + 3*a - 6 = m. Suppose a*b + 52 = 5*b. What is the tens digit of b?
2
Suppose 3*u - 5*t + 5 = -2*u, -3*u - 5*t + 13 = 0. What is the units digit of ((-92)/(-5))/(u + (-9)/15)?
6
Let h = 277 + -226. What is the units digit of h?
1
Let o = -262 - -395. Suppose -38 = -5*m - o. What is the tens digit of m/3*(7 + -10)?
1
Let f(m) = -m**3 - 7*m**2 - 7*m - 3. Let g be f(-6). Suppose -5*s + 390 = -4*z, 5*s - g*z - 475 = -80. What is the tens digit of s?
8
Suppose -7*r + 4*p = -6*r - 319, 0 = -r - 2*p + 319. What is the hundreds digit of r?
3
Let m = 5 - 5. Suppose 3*l - 8 - 7 = m. Suppose k - 3*r = 19, 0 = -l*r - 8 - 7. What is the units digit of k?
0
Suppose b + 15 = -3*n, 2*n = -3*b - 3*n - 25. Suppose y + 1 - 80 = b. Let q = -43 + y. What is the tens digit of q?
3
Suppose a - 4*a - 5*u - 1 = 0, -4 = a - 2*u. Let k(p) = -18*p**3 + p**2 + p - 5. What is the hundreds digit of k(a)?
1
Suppose 10*c - 1312 = 6*c. Suppose -6*u + 434 = -2*u - d, 0 = 3*u - 2*d - c. What is the tens digit of u?
0
Suppose 3*f + 5*l = 1203, -2*l + 1562 = 4*f - 28. What is the units digit of f?
6
Let c = 7857 - 4135. What is the units digit of c?
2
Let f(d) = -d**3 - 6*d**2 + 6*d - 37. What is the units digit of f(-12)?
5
Suppose -2*t = -3*k + 2*t + 239, -2*k = 3*t - 165. Let a = k + -43. Let m = a - 30. What is the units digit of m?
8
Let u be 3/27*3 + (-202)/(-6). Suppose 0 = 7*o - 29 - u. What is the units digit of o?
9
Suppose 3*r + 503 = 2327. What is the hundreds digit of r?
6
Suppose -4 = 3*n - 16*g + 18*g, 0 = n + 5*g + 10. Suppose n = k + k - 366. What is the hundreds digit of k?
1
Let h = -72 + 94. Let r = h - -88. What is the units digit of r?
0
Let q = 20 + -23. Let a = q + 32. What is the tens digit of a?
2
Let a be -3*(-5)/((-30)/88). Suppose -p = p + 2*c - 16, -2*c + 5 = p. What is the tens digit of 134/(-8)*a/p?
6
Let b = 125 - 130. What is the tens digit of ((-4)/b)/((-70)/(-6825))?
7
Let s be 1152/(-44) + 4/22. Suppose 75 = 3*k - 5*b, b - 44 = 4*k - 127. Let j = k - s. What is the units digit of j?
6
Let y(c) = -c + 6. Let i be y(8). What is the tens digit of i/(-12) - (-707)/6?
1
Suppose 5*p - 2*n - 8518 = 0, -15*p = -11*p - 4*n - 6824. What is the thousands digit of p?
1
Suppose y - 4*y = -4*y. Suppose -2*b + 179 + 63 = y. What is the hundreds digit of b?
1
Let t(o) = 2*o + 4. Let x be t(-4). Let b be 5/(5/x)*-1. Suppose 3*p = -2*g + 49, -b*p - 3*g + 82 = p. What is the units digit of p?
7
Let m = 62 + -62. What is the tens digit of (m + -270)*(-16)/40?
0
Suppose 3*v - 47 + 11 = 2*o, -5*v + 3*o = -59. Suppose -4*c - 5*r = 33, 3*r + 0*r = 3*c + 18. Let b = v - c. What is the units digit of b?
7
Suppose 8*g = 13*g - 20. Suppose -75 - g = -3*o - 5*z, z = -5*o + 139. What is the tens digit of o?
2
Suppose p + 2*a = 4*a + 132, -5*p + 640 = -5*a. Suppose -m = m - p. What is the tens digit of m?
6
Suppose -w - 12 = 2*w. Let u = w + 6. What is the tens digit of (-15 - (2 - u))*-2?
3
Suppose -5*q - 2*f + 524 = -289, -q + 4*f + 167 = 0. Let b = -228 + q. What is the units digit of (-117)/b + 4/(-5)?
1
Let j(o) = -96*o - 7. Let k be j(-9). Suppose -157 = 4*r - k. What is the units digit of r?
5
Suppose 5*s + 69 + 1 = 0. What is the units digit of 4/s + 634/14?
5
Let n(t) = -367*t - 139. What is the hundreds digit of n(-4)?
3
Let w(m) = m**3 - 6*m**2 + 4*m + 9. Let i be ((-17)/(-3) - 1) + 2/6. What is the units digit of w(i)?
4
Suppose 0 = 7*t - 4*t - 9768. What is the units digit of t?
6
Let t(s) = -7*s**2 - 166*s + 3. What is the hundreds digit of t(-7)?
8
Suppose 7*h = -6 + 20. Suppose -96 = -h*i + 178. What is the tens digit of i?
3
Let a(f) = 71*f**2 - 3*f + 2. Let g = 39 + -38. What is the units digit of a(g)?
0
Suppose -56*k = -44*k - 15588. What is the tens digit of k?
9
Let y(m) = 3*m**2 + 185. What is the units digit of y(27)?
2
Let i(x) = 2*x - 2. Let l be i(1). Suppose f + 6 - 8 = l. Suppose 6*p = f*p + 8. What is the units digit of p?
2
Let l(u) = 3*u**2 - 4*u - 1. Let k be l(3). Suppose 15*m - k*m = 42. What is the tens digit of m?
4
Let n(w) = w**2 + 3*w + 13. Suppose 2*z = -5*f + 47, z + 6*f = f + 36. What is the units digit of n(z)?
7
Suppose 2*w - 106 = 178. What is the hundreds digit of w?
1
Let a(c) = c**3 - 3*c**2 - 3*c + 2. Let l be a(4). Let v(z) = 2*z + 3 - 2 + 0. What is the tens digit of v(l)?
1
Suppose -k = 917 - 3348. What is the units digit of k?
1
Let i(k) = k**3 - 4*k**2 - 3*k - 2. Let n be i(6). Let q be -9*5/(180/(-8)). Suppose q*j - n = 10. What is the units digit of j?
1
Let o = 3495 + -2008. What is the hundreds digit of o?
4
Let d(z) = -107*z**3 - 3*z**2 + 2*z + 29. What is the hundreds digit of d(-3)?
8
Let q(d) = 2*d**3 - 2*d**2 + 4*d - 1. Let o(l) = l + 5. Let n be o(-3). Let c be n/1 - (-5 - -4). What is the tens digit of q(c)?
4
Let f(k) = -4*k + 304. Suppose 5*u = -4*z - 25, -2*z - 10 = z + 2*u. What is the hundreds digit of f(z)?
3
Let p(z) = z**3 + 9*z**2 - z - 13. Let h(w) = w - 1. Let o be h(-8). Let y be p(o). What is the tens digit of (1/y - 0)*-164?
4
Let i(z) be the second derivative of z**5/10 - z**4/6 - 5*z**3/6 + 5*z**2/2 + 9*z. Let m be i(3). Suppose n - m = -1. What is the tens digit of n?
2
Let o be (17 - 2)/3*1. Suppose 4*a = -o*n + 7, -2*n + n = 5*a + 7. Suppose -n*q - 3 = c, 4*c - q + 1 - 54 = 0. What is the units digit of c?
2
Let d(i) = 2*i**2 + 24*i - 546. What is the tens digit of d(-55)?
8
Suppose 0 = -x + 38 + 225. What is the tens digit of x?
6
Let j be (1/3)/((-4)/(-60)). Suppose 4*c = -j*g - 282, -c + 183 = -4*g - 30. Let l = 0 - g. What is the tens digit of l?
5
Let l(s) = -20*s + 16. Let w be l(5). Let u be (w/(-15))/(2/120). Suppose 11*g - u = 4*g. What is the tens digit of g?
4
Let s = 692 - 288. What is the tens digit of s?
0
Suppose 2*i = -12*l + 7*l + 19, 36 = 3*i + 5*l. What is the tens digit of i?
1
What is the hundreds digit of 14 + -7 + -1 + 821?
8
Suppose 4*a + 1 + 23 = 0. What is the tens digit of 52*(3/a - 6/(-8))?
1
Let x(k) = -k**3 - 12*k**2 + 7*k - 15. Let h be x(-12). Let u = h + 140. What is the tens digit of u?
4
Let v(g) = -2*g**3 + 4*g**2 - 4*g + 3. Let c be v(2). Let h(o) = -o + 1. Let q(w) = -13*w + 3. Let t(d) = -6*h(d) + q(d). What is the tens digit of t(c)?
3
Suppose -3*i = -5*r + 16, 8 = -2*i - 2*i + 4*r. Suppose a - i*q + 82 = 6*a, 2*q = 5*a - 87. What is the tens digit of a?
1
Suppose 0 = 138*g - 143*g + 4045. What is the units digit of g?
9
Suppose -88 = 2*x + 68. What is the units digit of (1/(-2))/(3/x)?
3
Let f(h) = 383*h + 225. What is the hundreds digit of f(13)?
2
Suppose 4*h + 1974 + 412 = 3*i, -2*i + 1624 = 4*h. What is the hundreds digit of i?
8
Suppose -10*l + 2747 + 2393 = 0. What is the units digit of l?
4
Suppose 5*t - 39 = -29. Suppose -19 = -x + t*x. Let n = 36 + x. What is the tens digit of n?
1
Let g = 5 - -13. Suppose 7*i + g = -10. What is the tens digit of 110/2 + (-7 - i)?
5
Let r(n) = n**2 - 8*n + 1. Let z be r(8). Let c(w) = 21*w. Let b be c(z). Let t = -7 + b. What is the tens digit of t?
1
Let f(g) = g + 4. Let k be f(3). Suppose 24*a + 675 = 27*a. Suppose j + 5*z = 51, -2*j + k*j = 5*z + a. What is the units digit of j?
6
What is the tens digit of (-3621)/(((-2)/5)/(20/75))?
1
Suppose 186*j = 187*j - 845. What is the units digit of j?
5
Let q be (-3)/((-22)/8 - -2). Suppose 0 = 3*l - q*l + 35. Suppose -4*a = -2*b - l - 11, 0 = -a + 4*b + 1. What is the units digit of a?
3
Suppose -158*i = -124*i - 184552. What is the tens digit of i?
2
Suppose -1 = a - 3. Let n(x) = 90*x - 37*x - 11 - 45*x - 6*x**a - x**3. What is the units digit of n(-8)?
3
Let w = 4 - -276. What is the units digit of w?
0
Let b = -2086 + 3354. What is the hundreds digit of b?
2
Let y(b) = 14*b**2 - b + 1. Suppose p + 9 = 5*j, -4*j + j = 3*p - 9. What is the tens digit of y(p)?
1
Let c(r) = 57*r**3 - 3*r**2 + 2. Let g be c(-1). Let t = g - -104. What is the tens digit of t?
4
Let y = -2372 + 4564. What is the hundreds digit of y?
1
Let n be 8/((-1 - -4) + -1). Let b = n + 26. What is 